 of -2 - (-4 + 0 - (-6 - -1))?
-3
What is (2 - 5 - -2) + 6 + -4?
1
Calculate 2 - (-2 + (-6 - -2 - -6)).
2
Evaluate (-1 - -14) + -1 + -12.
0
What is (0 - 8 - -2) + 6?
0
Evaluate 3 + 3 + -4 - 5.
-3
Calculate 0 - (-4 + 0 + 3 + -3).
4
What is the value of 36 + -31 - (1 - 1)?
5
Calculate 1 + (8 + -11 - 6).
-8
What is the value of 3 + -2 + -1 + 4?
4
7 + -15 - (-2 - (3 - 0))
-3
What is the value of (-4 - -2) + 6 + -7 + 6?
3
Calculate -11 + 2 + (-1 - -9).
-1
What is 3 - 2 - (-3 + 1 + 0)?
3
What is the value of 2 + (1 - 3 - -2 - 0)?
2
Calculate 9 - 11 - -8 - (4 + 2).
0
What is (-9 - -3) + 2 + 5?
1
What is the value of (1 - 0 - -1) + 3?
5
Evaluate 1 + (-4 - 1) + -15 + 23.
4
Evaluate -2 + 2 + (0 - -3).
3
Evaluate (-1 - -4) + (-1 - 1) + -1.
0
Evaluate 0 + -8 - (8 + -11).
-5
What is 9 - 1 - (20 + -8)?
-4
What is 22 + -32 + (6 - 0)?
-4
What is the value of -14 - -3 - (24 - 32)?
-3
Calculate -3 - (-13 + 8) - (1 + 1).
0
Evaluate -5 - -9 - (2 + -2 + 0).
4
What is the value of -3 - -2 - (-2 + 7 + -2)?
-4
Evaluate (4 - -1) + -11 + 25 + -16.
3
Calculate 2 + (4 - 5) - 2.
-1
Calculate -4 + -1 - (0 - (-1 - -1)).
-5
(-5 - (-6 + 0)) + (-1 - 2)
-2
Evaluate -3 + (1 + 2 - -1).
1
What is the value of 0 + -6 - (0 + -1)?
-5
What is (-5 - (-4 + (7 - 6))) + -5?
-7
Calculate (6 - 1) + (7 + -4 - 5).
3
Evaluate 6 + (-1 - (-1 + (3 - 0))).
3
-13 + 8 + (-5 - -10)
0
What is the value of 37 + -46 - (1 - 17)?
7
What is the value of 46 + -47 + (4 - 0)?
3
What is the value of 4 + (-1 - 4) + (3 - 0)?
2
Calculate -63 + 56 - (3 + -9).
-1
What is the value of 1 - ((2 - 3) + -2 + 0)?
4
What is the value of -16 + 18 - (0 - -1)?
1
Calculate -5 + (-5 - -7 - -5).
2
What is 6 + 1 - (23 + -17)?
1
What is the value of -1 + -7 - -4 - (1 - 11)?
6
Evaluate -3 - ((2 - 7) + 4).
-2
What is 11 + 6 + (-7 - 5) + 2?
7
Evaluate (-33 - -26) + (-1 - -6).
-2
Calculate (17 - 13) + (0 - 2).
2
Evaluate -2 + -2 + -7 + 11.
0
What is 7 + 3 + (-5 - 6)?
-1
What is (11 - 1) + (4 + 0 - 4)?
10
Evaluate -27 + 28 - (-4 + 3).
2
What is -1 + 2 - (-5 + -7 + 14)?
-1
What is the value of 0 + 9 + (-35 - -33)?
7
What is the value of -1 - (3 + (0 - 3) + -1)?
0
((4 - -3) + 2 - 2) + -2
5
What is the value of 2 + (-3 - -8) + -2?
5
-2 + 17 + -11 - -2
6
What is the value of 6 + (-3 - 9) - -3?
-3
Evaluate 3 - ((0 - 4) + 6).
1
What is 4 - (6 - (-4 - -6))?
0
3 - (15 + -7 - (1 + 2))
-2
What is (6 - (2 - (3 - 3))) + 0?
4
38 + -38 - ((4 - 2) + 1)
-3
(-22 + 14 - -13) + (-3 - -1)
3
-2 + 0 + 3 + -4 + 1
-2
-6 - (11 + 0) - -9
-8
-84 + 82 + 0 + 1
-1
Calculate -5 - 0 - (4 - 9) - -5.
5
What is the value of 2 + -4 + 0 + 2?
0
Calculate (5 - 1) + 13 + -16.
1
What is 2 - (11 - (5 - -3 - 4))?
-5
Calculate -2 - (1 + 1 - (0 + 5)).
1
What is -4 + 4 + 2 + 3 + -12?
-7
Evaluate 2 - (12 + -12 + 13 + -6).
-5
What is the value of 5 + 0 + -3 + 0 - -2?
4
Evaluate (10 - (-9 - -12)) + -5.
2
What is (0 - -3) + -3 - -2 - 1?
1
What is 0 + 1 - (-2 + 3)?
0
5 + (-4 - (-1 + -2))
4
-1 + 0 - -4 - (2 - 2)
3
What is -1 + 5 + (5 - 8)?
1
Evaluate (4 + -3 - -1) + -2 - 2.
-2
4 - (-2 - 1 - -7) - -3
3
What is -12 + 7 - (3 - 3)?
-5
Evaluate 10 + 2 + (-14 - 5).
-7
Evaluate -1 + 0 + (83 - 86).
-4
Calculate (0 - -17) + 78 + -90.
5
Evaluate -18 + 12 + -3 + 15.
6
What is (-3 - (1 + -4)) + 3?
3
Evaluate (0 - -3) + -11 + 4.
-4
Evaluate -3 - (3 + -2 - 5).
1
-1 + 6 - (-9 - (-4 - 3))
7
0 - (6 + -4 + -11 + 5)
4
-8 - (-7 + 3 - 9)
5
(-1 + 0 - 0) + 0 + 0
-1
Evaluate (0 + 0 - 4) + 0 - -5.
1
Calculate 8 + -6 + 1 + -1.
2
Evaluate 2 - 0 - (5 + 8 + -7).
-4
What is the value of -1 - -2 - (-9 - (-5 + -6))?
-1
What is (4 - (5 + -3 - -3)) + -2?
-3
Evaluate 5 + (0 - (2 - -1)).
2
-1 + (3 - 3) + -1
-2
Calculate 28 - 24 - (4 + -2).
2
What is 0 - (-4 - (4 + (-3 - 6)))?
-1
What is -9 + (25 - 9) + 0?
7
-12 - (2 - 13) - (4 - -1)
-6
Evaluate -2 + 3 + 2 - 0.
3
Calculate (4 - (1 - -4 - 0)) + 3.
2
(-1 + -2 - -3) + -1 + -3
-4
What is (0 + -2 + 4 - 1) + -2?
-1
Evaluate -4 + (4 - (5 - 2)).
-3
Calculate -2 + (-10 - (-14 - -9)).
-7
What is the value of 40 - 38 - (-2 - -1)?
3
What is the value of 3 + -5 + 2 + 2?
2
Calculate (1 - (4 - 2)) + 2 + 3.
4
Evaluate -1 + (-10 - 3) + 11.
-3
What is (-2 - (-8 - -8)) + 5?
3
What is (7 - 3) + -2 + 1 - -1?
4
What is the value of -11 + 4 + 4 + (3 - 3)?
-3
What is -4 + -3 - (22 - 21)?
-8
Calculate (5 - 1) + -6 + 0 + 4.
2
What is -1 - 0 - (-3 + 0 + 1)?
1
3 + 10 + 0 + -7
6
Calculate (-2 - -2) + -4 + 3 - -2.
1
What is the value of 8 + 8 + (-21 - -5)?
0
Calculate 1 + -3 + (1 - 2).
-3
-6 - (3 + 3 + -14)
2
-1 + 7 + -2 + (32 - 32)
4
Calculate -7 + (-10 - (1 - 11)).
-7
Evaluate -1 + 13 + (9 - 15).
6
What is the value of 7 + -6 + (1 - (-1 - -1))?
2
Calculate (-8 - (-11 - -2)) + 0 + 1.
2
Calculate 4 + 3 - (-27 + 36).
-2
Evaluate -19 + 18 - (-9 + 2).
6
What is -5 + (9 - (-2 - -5))?
1
What is 0 - (3 - (-7 - -11))?
1
Calculate 10 + -4 + (-14 - -4).
-4
Evaluate 2 + -2 + -4 + 3.
-1
Evaluate -6 + 4 + (-1 - -8) + 3.
8
Evaluate -3 - -8 - (3 + -6 - -3).
5
Calculate (-129 - -115) + (-2 - -16).
0
(32 - 43) + 1 + -1
-11
What is (-2 - -3) + 1 + 9 + -8?
3
What is -4 - (5 + -9 - (-1 + -2))?
-3
Calculate (-2 - 1) + 1 + 2.
0
Calculate -7 - (10 - 13) - -11.
7
What is the value of -1 + -2 + 1 + -1?
-3
Evaluate -1 + 10 - (-56 + 65).
0
Evaluate 4 - (0 + (-2 - 0 - -7)).
-1
(12 - (1 + 0)) + (-11 - -8)
8
Evaluate 4 - (-3 - (-5 + -1 + 2)).
3
What is the value of (-7 + 14 - -1) + -9?
-1
What is the value of (3 - -2) + (-18 - -16)?
3
2 + (5 - 0 - 7) - -4
4
What is the value of 12 + -7 - (1 + 2)?
2
What is the value of -3 + 5 + -2 + -3 + 6?
3
Calculate -3 + (-3 - (-3 - 2)).
-1
Evaluate (-1 + -10 - 1) + 9.
-3
Calculate 2 + 0 + (-4 - (6 - 12)).
4
Calculate 2 - 1 - (1 - -1) - 2.
-3
Evaluate -3 + (-1 + (-4 - -8) - -7).
7
Calculate (319 - 316) + (-2 - (1 + -1)).
1
Evaluate 11 + (-7 - -2) + (-20 - -21).
7
Calculate 8 + -4 - ((16 - 7) + -14).
9
What is -4 + 1 + 3 + 4?
4
Calculate -2 + (-6 - -16) - 4.
4
-24 + 27 + 1 + 1 + -1
4
-2 - -4 - (2 + 4)
-4
Evaluate (2 - (-1 - (2 - 5))) + 1.
1
What is the value of 15 + -2 - 7 - 6?
0
2 + (-3 - -4) - -2
5
Evaluate -3 + 0 - (3 - (5 + -3)).
-4
Evaluate -2 - (2 + -1 - (-1 - -5)).
1
5 + -4 - 1 - (0 - 1)
1
Calculate 8 + 2 + (-2 - 1) + -7.
0
What is -4 - (-1 + 2 + -1)?
-4
What is -4 - 0 - (-13 - -34 - 28)?
3
Calculate ((0 - 2) + -2 - 0) + 8.
4
-8 - -16 - 5 - (-1 - 3)
7
Calculate -2 + -2 - (1 - 7 - -4).
-2
Evaluate 2 + 0 + 10 + -16.
-4
What is the value of (-2 - -5 - -3) + -3 + -7?
-4
Calculate 56 + -53 + -2 + 0.
1
-4 - (-5 + -8) - 10
-1
0 - (1 - 3) - -5
7
What is the value of (0 - -5 - (-26 - -30)) + -2?
-1
Evaluate 11 + -8 + -1 + -6.
-4
4 - 4 - ((-6 - -7) + 6)
-7
Evaluate (-12 + 12 - 12) + 2.
-10
-3 - (-10 - ((-2 - 2) + 2))
5
What is the value of 2 + 1 + -3 + -5?
-5
Evaluate -11 + 14 + 3 + (-8 - 2).
-4
What is -5 - (-1 + (4 - -2 - 6))?
-4
3 - (2 + -3 + -5)
9
What is -5 + 2 + 5 + -6?
-4
-3 - 1 - -6 - (3 - 2)
1
Evaluate -5 + -8 + 5 - -3.
-5
-6 + ((-2 - -3) + -2 - -5)
-2
(14 + -13 - (2 + -2)) + -2
-1
Calculate -1 + 4 + -8 - (-5 + 2).
-2
Calculate 2 + (16 - 14 - (6 - 1)).
-1
Calculate 1 + -6 + (7 - (5 - 2)).
-1
What is the value of (11 - 14) + (0 - 1 - 0)?
-4
What is the value of (3 - (0 - 3)) + 10 + -12?
4
Calculate -1 + -1 - (-6 - (-3 - -1)).
2
Evaluate 0 + 1 - (21 - 21).
1
Evaluate (6 - (0 + -3)) + -4.
5
Evaluate -6 + -8 + 10 + (-2 - -2).
-4
Evaluate 2 + 2 + -5 + 3 + 0.
2
Calculate -4 + 4 + 2 + -6 + -5.
-9
Evaluate -3 + (2 - 4) - -2.
-3
What is the value of 2 + (-43 - -38 - (-1 - -3))?
-5
What is 0 + (-6 - -4) + -2?
-4
0 + 4 + -5 + -1 + 1
-1
Evaluate 10 + (-8 - (2 - 9)).
9
Evaluate 1 + -2 + -10 + 6.
-5
Calculate (3 - 7) + -3 + 9.
2
-6 + (3 + 5 - 5) + 2
-1
What is the value of 1 + 5 + 1 - (-6 - -6)?
7
What is the value of -12 - ((-5 - 12) + -1)?
6
(-2 - 2) + 13 + (-2 - -1)
8
Calculate 2 + (6 - 0 - 2) + -6.
0
What is -5 + 11 + -6 + -8?
-8
What is 0 - -8 - 9 - 7?
-8
Calculate (0 - 12) + 23 + -11.
0
Calculate (-15 - -5 - -3) + (2 - 2).
-7
What is -4 + 0 - (-15 - -16)?
-5
-6 - -2 - 0 - -5
1
What is the value of 3 + (-4 - (-1 + 0))?
0
What is the value of -2 - ((-2 - 2) + 7)?
-5
Calculate 2 + 4 + -5 + (12 - 5).
8
Evaluate -2 + 10 + (-70 - -55).
-7
What is -5 + 0 + (2 - (8 - 7))?
-4
(-4 - -1 - 3) + 0
-6
Evaluate -9 - ((6 - 3) + -6 - 1).
-5
22 + -13 - (1 + -2 + 8)
2
What is the value of -6 - (-9 - -2 - (19 +